rmine u(5).
82
Let d(l) = 4*l**2 + 688*l + 3342. Give d(-167).
2
Let x(a) = -109*a**2 + 1143*a - 2524. What is x(7)?
136
Let r(j) = 11667*j - 5110147. Calculate r(438).
-1
Let u(d) = -4595*d + 62360. Give u(14).
-1970
Let o(x) = -45020*x + 765331. Determine o(17).
-9
Let w(p) = 1712*p**2 + 18837*p + 78. Calculate w(-11).
23
Let n(b) = -1328*b + 42490. Give n(38).
-7974
Let l(c) = -2*c**3 + 37*c**2 + 83*c - 1599. What is l(18)?
219
Let k(g) = g**3 + 11*g**2 - 104*g - 676. What is k(-15)?
-16
Let u(p) = -11*p**3 + 10*p**2 - 334*p - 345. What is u(-1)?
10
Let w(i) = -i**3 - 12*i**2 + 76*i + 488. Give w(-15).
23
Let r(j) = j**3 + 566*j**2 + 79550*j + 9584. What is r(-259)?
1
Let r(n) = -n**3 - 402*n**2 - 28340*n - 12121. Give r(-311).
8
Let a(l) = -l**2 - 25*l + 1214. Calculate a(-41).
558
Let o(w) = 2*w**3 + 418*w**2 + 2*w + 424. Determine o(-209).
6
Let b(t) = -39*t**2 - 341*t - 741. Calculate b(-2).
-215
Let a(p) = p**3 - 9*p**2 - 71*p + 483. What is a(6)?
-51
Let z(v) = -2814*v - 160366. Determine z(-57).
32
Let u(z) = z**3 - 41*z**2 - 174*z + 4863. What is u(10)?
23
Let y(z) = -z**3 - 249*z**2 - 456*z + 9395. Determine y(-247).
9
Let c(p) = -2*p**2 - 471*p - 27182. Determine c(-136).
-118
Let n(u) = -64*u**3 + 33*u**2 - 49*u - 82. Calculate n(-1).
64
Let l(b) = -b**3 - 364*b**2 + 5319*b + 1548010. Determine l(-367).
4
Let u(o) = -23*o**3 + 9*o**2 + 32*o + 31. Give u(-2).
187
Let h(w) = 2*w**3 + 417*w**2 - 728*w + 69030. Calculate h(-211).
33
Let y(i) = -233*i - 559. Calculate y(5).
-1724
Let a(j) = 5*j**2 + 142240*j - 711156. Calculate a(5).
169
Let h(i) = -105*i**2 + 3791*i + 7596. Give h(-2).
-406
Let d(y) = y**3 + 84*y**2 - 2091*y - 1139. Calculate d(-104).
5
Let s(f) = 606724*f + 4247068. Give s(-7).
0
Let b(l) = 1375*l + 2731. Calculate b(-2).
-19
Let b(r) = 3396186*r - 3396178. Give b(1).
8
Let r(f) = 20*f**3 + 530*f**2 + 260*f - 15. Give r(-26).
-15
Let d(h) = 10595*h - 63482. Calculate d(6).
88
Let p(x) = x**3 - 145*x**2 - 1066*x + 304. What is p(152)?
0
Let g(n) = 98*n - 7125. Calculate g(72).
-69
Let m(y) = 4*y**2 + 344*y + 7170. Give m(-56).
450
Let t(r) = -342*r - 13564. Determine t(-43).
1142
Let l(f) = -3318*f - 13474. Determine l(-4).
-202
Let p(t) = -15158*t + 121045. Determine p(8).
-219
Let l(q) = -1886*q - 447. Calculate l(0).
-447
Let c(q) = -41954*q + 671204. What is c(16)?
-60
Let d(n) = -20*n**2 - 6308*n + 1154. Give d(-316).
-2638
Let t(k) = 2*k**2 - 1803*k + 52207. Determine t(30).
-83
Let o(f) = 8*f**2 + 19315*f + 2621853. Give o(-2270).
3
Let d(x) = -752*x - 233878. Determine d(-311).
-6
Let v(p) = -45*p - 6898. What is v(-156)?
122
Let f(u) = 32*u**2 - 402*u + 384. Calculate f(1).
14
Let s(p) = -12099*p - 313846. Determine s(-26).
728
Let q(a) = 38*a**2 - 418*a - 2085. What is q(-4)?
195
Let w(d) = -573*d - 58943. Calculate w(-103).
76
Let l(r) = -r**2 + 235*r + 13257. Determine l(-47).
3
Let o(b) = b**2 - 341*b + 9545. Calculate o(311).
215
Let n(z) = -14916*z - 89489. Determine n(-6).
7
Let g(k) = k**2 + 901*k + 196311. Calculate g(-369).
3
Let s(k) = 2*k**3 - 191*k**2 - 1789*k - 267. Calculate s(104).
-2451
Let p(q) = -1378548*q + 2757057. Give p(2).
-39
Let r(t) = 8174*t - 71731. What is r(9)?
1835
Let g(k) = -k**3 + 7*k**2 + 79590*k - 477569. What is g(6)?
7
Let c(n) = 459*n - 1009. Calculate c(2).
-91
Let v(k) = k**3 - 33*k**2 + 17279*k - 533704. Give v(31).
23
Let t(s) = -2*s**3 + 66*s**2 - 180*s + 11. Calculate t(30).
11
Let k(w) = 19*w**2 + 170*w + 2. Calculate k(-9).
11
Let x(p) = p**3 - 81*p**2 + 317*p - 119. Calculate x(77).
574
Let c(h) = -229*h**2 + 29772*h - 358. Give c(130).
-98
Let k(b) = 2*b**3 - 814*b**2 + 45*b - 18373. Calculate k(407).
-58
Let y(b) = 2056*b**2 - 14380*b - 120. What is y(7)?
-36
Let y(d) = -d**3 - 56*d**2 + 246*d + 240. Give y(-60).
-120
Let m(q) = 56*q**2 - 19437*q - 17914. Determine m(348).
-166
Let u(w) = 7633*w - 1717430. Calculate u(225).
-5
Let v(r) = 1341*r - 461279. Calculate v(344).
25
Let a(k) = -k**3 + 21*k**2 + 208*k + 53. Determine a(28).
389
Let o(d) = -d**3 + 43*d**2 + 154*d - 190. What is o(47)?
-1788
Let g(o) = 14*o**2 - 2350*o - 9622. Determine g(-4).
2
Let z(v) = 160*v**3 + 8*v**2 - 12*v - 36. Determine z(3).
4320
Let i(a) = -a**3 - 44*a**2 - 161*a + 55. Give i(-40).
95
Let i(u) = -8*u**2 - 5079*u + 193914. Determine i(-671).
-5
Let x(z) = -2*z**2 + 59*z + 691. Calculate x(-9).
-2
Let l(k) = -5*k**3 - 282*k**2 - 2493*k + 31. What is l(-9)?
3271
Let i(p) = 15191*p + 10694459. Determine i(-704).
-5
Let h(n) = n**3 + 43*n**2 + 240*n + 326. Determine h(-36).
758
Let q(y) = -793*y + 228441. What is q(288)?
57
Let r(g) = g**2 - 817*g - 575306. Calculate r(-453).
4
Let i(u) = u**3 + 10*u**2 - 271*u - 1576. Calculate i(-5).
-96
Let f(r) = 289*r + 7271. What is f(-25)?
46
Let m(y) = -413*y + 1637. Calculate m(4).
-15
Let g(q) = 671*q + 83465. Determine g(-125).
-410
Let o(h) = 51*h**3 - 1828*h**2 - 290*h + 67. Calculate o(36).
-5
Let f(i) = -4*i**3 - 35*i**2 - 2*i - 172. Calculate f(-9).
-73
Let p(j) = 2*j**3 + 71*j**2 - 5*j - 995. Determine p(-35).
405
Let z(m) = 25*m - 2008. What is z(-9)?
-2233
Let x(z) = -22*z**2 - 2185*z - 194. Determine x(-99).
499
Let i(c) = -8*c**3 - 13*c**2 + 180*c + 89. Give i(-5).
-136
Let c(s) = 4*s**2 + 11417*s + 372405. Calculate c(-33).
0
Let k(s) = s**2 - 2055*s - 79560. Give k(-38).
-26
Let b(l) = -l**2 + 110*l - 284. Determine b(24).
1780
Let j(c) = -7*c**3 + 232*c**2 + 602*c - 15. Give j(36).
-4263
Let r(m) = -153*m - 36846. Calculate r(-238).
-432
Let h(a) = -a**3 - 69*a**2 + 528*a - 388. Give h(-76).
-84
Let q(g) = -9346*g**2 + 84207*g - 831. Determine q(9).
6
Let q(h) = 76*h**2 - 273*h + 506. Calculate q(6).
1604
Let h(i) = 6*i**2 + 3398*i + 27093. Determine h(-8).
293
Let m(x) = -416*x**2 - 8744*x - 105. Determine m(-21).
63
Let l(f) = 9563*f - 66868. Give l(7).
73
Let y(d) = 4*d**3 + 110*d**2 + 49*d + 462. What is y(-28)?
-2478
Let b(u) = 74569*u - 149143. Determine b(2).
-5
Let z(k) = 32*k**2 + 870*k + 3291. Calculate z(-4).
323
Let c(l) = -290*l**3 + 2559*l**2 + 457*l + 29. Give c(9).
11
Let q(h) = -7*h**2 + 41988*h - 335446. Determine q(8).
10
Let n(m) = 1700*m + 113896. Calculate n(-67).
-4
Let p(l) = -2*l**3 + 165*l**2 - 1697*l + 4472. Give p(71).
-72
Let a(i) = 1054*i + 257177. Determine a(-244).
1
Let z(l) = l**2 + 492*l - 9204. Give z(18).
-24
Let f(i) = -27*i**2 - 5033*i - 40396. Determine f(-178).
10
Let m(w) = -2*w**2 - 787*w - 32249. Give m(-347).
22
Let q(g) = 1126589*g + 13519075. Determine q(-12).
7
Let l(h) = -14*h**2 + 777*h + 5441. Give l(-7).
-684
Let i(h) = -330*h + 2748. Calculate i(7).
438
Let a(f) = 1147*f + 6917. Calculate a(-6).
35
Let m(q) = -q**3 - 27*q**2 - 203*q - 945. What is m(-18)?
-207
Let z(x) = -11*x**3 - 101*x**2 + 280*x + 2471. Calculate z(-9).
-211
Let n(v) = v**3 + 2890*v**2 + 116812*v - 110. What is n(-41)?
-233
Let r(i) = -i**3 + 8*i**2 - 292*i + 837. Calculate r(3).
6
Let z(o) = -3296*o + 3886. Calculate z(1).
590
Let q(j) = 2*j**3 - j**2 - 11*j + 129. Give q(8).
1001
Let d(t) = t**3 - 366*t**2 + 819*t - 572239. Calculate d(368).
1
Let a(u) = u**3 - 48*u**2 + 150*u - 9845. What is a(49)?
-94
Let t(q) = q**3 + 113*q**2 - 9389*q - 25039. Determine t(-168).
-7
Let x(t) = -2*t**3 + 4*t**2 + 67*t + 472. Give x(-8).
1216
Let d(h) = -2*h**3 - 323*h**2 + 161*h - 180. Determine d(-162).
-18
Let m(i) = -64799*i + 388907. What is m(6)?
113
Let z(p) = -65*p**2 + 489*p + 1292. Give z(10).
-318
Let m(c) = -c**3 + 179*c**2 + 692*c - 26586. Calculate m(182).
-14
Let i(v) = -4*v**3 - 254*v**2 - 378*v - 403. What is i(-62)?
-31
Let x(g) = -g**3 - 154*g**2 - 764*g - 2573. Give x(-149).
258
Let q(n) = -426*n - 23427. Calculate q(-54).
-423
Let l(w) = 2*w**3 - 628*w**2 - 2555*w + 11. Give l(-4).
55
Let n(c) = -1799*c + 28643. Calculate n(16).
-141
Let r(q) = q**2 - 92*q + 1523. Calculate r(69).
-64
Let d(i) = -774*i + 229068. Give d(296).
-36
Let q(k) = 2674*k - 5351. What is q(2)?
-3
Let r(u) = 10*u**2 + 4*u - 700. Calculate r(-16).
1796
Let m(z) = 143603*z - 574437. Determine m(4).
-25
Let i(w) = -3*w**3 - 49*w**2 - 110*w + 23. Determine i(-13).
-237
Let x(y) = y**2 + 156*y - 221455. Determine x(399).
-10
Let g(c) = 3*c**3 - 129*c**2 + 139*c - 333. What is g(42)?
213
Let j(r) = -879*r - 3285. Determin